n?
28
Let b be (-266)/21*(-6)/4. Let g = b + -14. Let u be 9/3 - (-423)/(-18)*-2. Calculate the highest common divisor of g and u.
5
Let v(d) = -128*d + 3351. Let z be v(26). What is the greatest common divisor of z and 13961?
23
Suppose 0 = -1501*d + 1363*d + 9522. What is the highest common factor of 6072 and d?
69
Let k(l) = -l**2 - 11*l + 498. Let o be k(13). What is the highest common factor of 3286 and o?
62
Suppose -10*u = -6*u + 52. Let o(t) = t**3 + 12*t**2 - 13*t + 20. Let r be o(u). What is the greatest common divisor of r and 320?
20
Let y be 56 + -62 + 3*1. Let o be ((-80)/(-30) + y)/((-2)/594). What is the greatest common factor of o and 36?
9
Suppose 13*i - 14*i - 4 = 0. Let l be i/18 + 1460/90. Suppose 0 = -3*r - 3*h + 10 + 197, 118 = 2*r - 2*h. What is the greatest common factor of l and r?
16
Let f be 3/((-6)/(-28)) + 2. Suppose -2*w + 230 = 2*m, 32 = 5*w - 27*m - 575. What is the highest common factor of f and w?
4
Let g be 3*(-1 + 28/6). Let n be (12454/39 - 2/(-3)) + 1. Let d = n - 277. What is the highest common factor of d and g?
11
Let g = 3946 - 2842. What is the greatest common factor of g and 345?
69
Let l be -81*(-42)/7938 + 1982/14. What is the highest common factor of 27832 and l?
142
Let g be (4/10 - 62/30)*-3. Suppose 282 = g*t - 38. What is the highest common factor of 256 and t?
64
Suppose 37 + 35 = 2*o. Suppose 0 = -m - 3*m + 180. What is the highest common divisor of o and m?
9
Let m(x) = x**3 + 21*x**2 + 27*x + 24. Let u be m(-19). Let t = -226 + u. What is the highest common divisor of t and 7?
7
Let i(z) = z**3 + 10*z**2 + 15*z + 13. Let f(m) = -m**3 + 13*m**2 - 14*m + 17. Let o be f(12). Let j be i(o). What is the highest common divisor of j and 20?
5
Suppose -13*n = 52 + 52. Let h(j) = j**3 + 8*j**2 + j + 8. Let x be h(n). Suppose -d + 34 + 10 = x. What is the greatest common factor of d and 66?
22
Suppose -4*q - 20672 = -5*f, -q + 2253 = -4*f + 18773. What is the greatest common divisor of 387 and f?
129
Let s(y) = 3*y + 1. Let d be s(8). Let h(u) = u**2 + 2*u + 166. Let z be h(0). Let x = 341 - z. Calculate the highest common factor of x and d.
25
Suppose -9 + 1 = -4*c. Suppose c*s + 1 = 17. Let n(h) = -h**3 + 10*h**2 + 12*h - 32. Let t be n(10). Calculate the highest common factor of t and s.
8
Let d = 8032 + -7940. What is the greatest common factor of 17756 and d?
92
Suppose -4*o + 2*o = -14. Suppose -10*a + 352 = 34*a. Suppose -231 = -19*j + a*j. What is the greatest common divisor of j and o?
7
Let h = 737 + -422. Suppose 317*z - h*z - 12 = 0. What is the highest common factor of 57 and z?
3
Let m = -3513 + 3525. What is the highest common factor of 4458 and m?
6
Let m be 46/((-1794)/(-975))*(1 + 12/(-15)). Let q(c) = 10*c - 5. Let v be q(5). Calculate the highest common divisor of v and m.
5
Let a be (12 - 4) + -8 + (2 - 0). Let s be 1/a + 637/182. Calculate the greatest common divisor of s and 52.
4
Suppose -12*j - 448 = -44*j. Let f be 1 + (-7)/((-28)/24). Calculate the highest common divisor of j and f.
7
Suppose 0 = a - 0*v + 2*v - 24, -4*v = -4*a + 36. Let x be 1/1*(-4 + 1 + a). Calculate the greatest common divisor of x and 9.
1
Let h = 633 - 280. Suppose h*l - 347*l - 600 = 0. What is the greatest common divisor of l and 30?
10
Let w(a) = a**3 + 6*a**2 - 2*a - 4. Let c be w(-6). Let b(g) = g**2 + 7*g + 40. Let d be b(0). What is the greatest common divisor of c and d?
8
Let a be (219492/195 - (-2)/5) + 108/(-18). Calculate the greatest common divisor of 130 and a.
10
Suppose -p = -13 - 23. Suppose -k - 5*g + p = 0, -g = -3*k - 2*k + 258. Let a = -105 + 139. Calculate the greatest common divisor of a and k.
17
Suppose 0 = r + 3*a - 29, -2*r = 4*a - 5*a - 44. Let o = r - 15. What is the highest common divisor of o and 68?
4
Let w be -2 + 4/1*3. Suppose 0 = 4*m - f - 326, 0 = 9*m - 14*m - 3*f + 382. Calculate the greatest common divisor of w and m.
10
Suppose 6 = 3*h + 483. Let t be h/(3/(-6)*(-4 + 6)). Suppose -126 = -5*n + 5*p + t, 2*p + 234 = 4*n. Calculate the highest common factor of n and 15.
15
Let s(z) = 1038*z + 2181. Let j be s(-2). What is the highest common divisor of 266 and j?
7
Let b(a) = -18*a + a**2 + 5*a + 6*a + 3*a + 39. Let j be b(17). Calculate the highest common divisor of 104 and j.
52
Let o = -405 + 675. Suppose -3*m + 4*m = -20*m + 420. What is the greatest common factor of o and m?
10
Let b(u) = 5*u + 2*u**2 + 4*u**3 + 3 - 3*u**2 - 8 + 3. Let p be b(2). Let x = 15 - 11. Calculate the highest common divisor of p and x.
4
Let z = -257 - -374. Let a be (-26)/(1 + -2) + 0. What is the highest common divisor of z and a?
13
Suppose -2*f = f + x - 20, 0 = -3*f + 2*x + 5. Let t(i) = 9*i + 29. Let d be t(f). Calculate the greatest common factor of 481 and d.
37
Suppose 6*l + 10 = 34. Let p be -3 - (0 + -2 + -1909). Let v be p/63 - 1*l/14. What is the highest common divisor of v and 60?
30
Let f(x) = -x. Let n be f(-1). Let s be (18 - -248)*(n/2 + 0). What is the greatest common divisor of 38 and s?
19
Suppose 0 = 4*c - 1367 + 4147. Let j = -510 - c. What is the highest common divisor of j and 259?
37
Let o(l) = -20*l - 1. Let w be o(1). Suppose -7*z - 3*u + 138 = -10*z, -z - 49 = -4*u. Let c = w - z. Calculate the highest common factor of 12 and c.
12
Let g(r) = 5*r**3 + 70*r**2 + 239*r + 16. Let d be g(-7). What is the greatest common divisor of 16733 and d?
29
Let w = -35 + 37. Let p(l) = -28 + 2*l + 0*l + w*l - 11*l. Let d be p(-8). Calculate the greatest common divisor of 308 and d.
28
Suppose 8*a - 2*g - g = 24, -2*g + 34 = 3*a. Calculate the greatest common factor of 1611 and a.
3
Let q be (-1370506)/(-173)*(-2)/(-4). What is the greatest common factor of 233 and q?
233
Let z = 164 + -159. Suppose -b - 3*d = d - 378, -b + z*d = -369. Calculate the highest common factor of 22 and b.
22
Let r(s) = 7*s + 111. Let v(q) = 38*q + 555. Let a(c) = 11*r(c) - 2*v(c). Let m be a(-17). What is the greatest common divisor of 141 and m?
47
Let p = 8848 + -8840. Suppose 2*t + 2 = 10. What is the greatest common factor of p and t?
4
Let t(j) = 43*j**2 - j. Let v be t(-1). Let o = v - -145. Let b(c) = c**3 + 6*c**2 - 10*c. Let u be b(-7). Calculate the highest common divisor of u and o.
21
Suppose f - 4*o + 9*o = 9, 5*f + 6*o = 102. Let s(b) = 321*b + 6. Let x be s(2). What is the greatest common factor of x and f?
24
Let b be (0 - -1770) + (36/21)/((-4)/(-14)). Calculate the greatest common divisor of b and 999.
111
Suppose -8306 = 690*o - 691*o - 4*n, 5*o + 3*n - 41632 = 0. Calculate the highest common divisor of o and 476.
238
Let n = 255 + 1831. What is the greatest common factor of n and 126?
14
Let a(w) = -2*w**2 - 17*w + 13. Let i be (-312)/54 + (-21)/(-27) + -1. Let f be a(i). Calculate the highest common divisor of 344 and f.
43
Let u(n) = 2380*n - 14080. Let b be u(6). Let x = -1 + -1. Let g be x/3 - (-154)/6. What is the greatest common factor of g and b?
25
Let d be ((-4)/26 - 1611/4654) + (-161)/(-2). What is the highest common divisor of d and 3960?
40
Let v = 124 - 60. Suppose -6 = 2*y - 14, -4*r = 5*y - 2444. Let d = 622 - r. What is the highest common divisor of v and d?
16
Let x = 10985 - 10939. Suppose 3*j - 7*j = -460. What is the highest common factor of j and x?
23
Let u(h) = h**2 - 40*h - 43. Let o be u(-31). Calculate the greatest common factor of 166 and o.
166
Let m be ((-4)/12)/(4/(-156)). Suppose 0 = -h + 2*z + 422, 4*h + 11*z = 10*z + 1661. What is the highest common divisor of h and m?
13
Suppose -13 = -5*c + 7. Suppose -3238 - 5158 = 4*k - c*b, 5*k + 10491 = 3*b. Let h be (-6)/4 - k/18. What is the greatest common divisor of h and 46?
23
Let a be (-1)/(2 - 27/12). Let o = -1224 + 1231. Suppose 0 = o*v - a*v - 144. Calculate the greatest common divisor of v and 6.
6
Suppose -357*i = -383*i + 3276. Calculate the highest common factor of 972 and i.
18
Suppose 329*n + 50 = 334*n. What is the greatest common divisor of n and 4045?
5
Suppose -5*c + 1479 = -5141. Suppose 5*g - c = -844. Suppose -4*b = -18 - 30. Calculate the highest common divisor of b and g.
12
Let f = 26766 - 26754. Calculate the highest common divisor of 98 and f.
2
Suppose 2*f - 3 = -5*o + 25, 2*o + f = 11. Suppose s - 73 = -o*b + 3*b, -3*s + 5*b = -261. Let i = 10 + s. Calculate the hi